{"id":2263,"date":"2025-11-25T11:44:40","date_gmt":"2025-11-25T10:44:40","guid":{"rendered":"https:\/\/cueillettesetpotions.fr\/?post_type=product&#038;p=2263"},"modified":"2025-11-25T13:22:15","modified_gmt":"2025-11-25T12:22:15","slug":"propolis","status":"publish","type":"product","link":"https:\/\/cueillettesetpotions.fr\/index.php\/produit\/propolis\/","title":{"rendered":"Propolis"},"content":{"rendered":"<p>Pour en savoir plus sur les propri\u00e9t\u00e9s de la teinture de Propolis : plus d\u2019infos <a href=\"https:\/\/www.altheaprovence.com\/propolis-mal-de-gorge-bronchite-immunite-basse-cancer\/\" target=\"_blank\" rel=\"noopener\">ici<\/a>.<\/p>\n","protected":false},"excerpt":{"rendered":"<p class=\"p1\">Flacon de 30ml avec pipette compte-goutte.<br \/>\nProduits issus de l\u2019agriculture biologique Certifi\u00e9 par FR-BIO-01.<br \/>\nPropolis issue de grille, r\u00e9colt\u00e9e dans nos ruchers.<br \/>\n1 flacon = 2 cures de 21 jours.<\/p>\n<p>N&rsquo;h\u00e9sitez pas \u00e0 consulter le site <a href=\"https:\/\/www.altheaprovence.com\/propolis-mal-de-gorge-bronchite-immunite-basse-cancer\/\">www.altheaprovence.com <\/a>\u00a0pour conna\u00eetre toutes les propri\u00e9t\u00e9s de la propolis.<\/p>\n<p class=\"p1\"><span class=\"s1\"><strong>Composition\u00a0:<\/strong> <\/span><\/p>\n<ul class=\"ul1\">\n<li class=\"li1\">Alcool (65% vol.)*<\/li>\n<li class=\"li1\">Propolis<\/li>\n<\/ul>\n<p class=\"p1\"><span class=\"s1\"><strong>Posologie\u00a0:<\/strong> <\/span><\/p>\n<p>Pour un.e adulte : 5 \u00e0 20 gouttes par jour en 1 \u00e0 3 prises en dehors des repas, dilu\u00e9es dans un peu d\u2019eau.<br \/>\nEn cure pr\u00e9ventive ou ponctuellement.<\/p>\n<p><strong>Contre-indication :<\/strong><\/p>\n<p>Ne pas utiliser chez les personnes allergiques aux produits de la ruche.<\/p>\n<p class=\"p1\"><strong><span class=\"s1\">Pr\u00e9caution d\u2019emploi :<\/span><\/strong><\/p>\n<ul class=\"ul1\">\n<li>Contient de l&rsquo;alcool.<\/li>\n<li>D\u00e9conseill\u00e9 chez les jeunes enfants ainsi que les femmes enceintes et allaitantes sans avis m\u00e9dical.<\/li>\n<li class=\"li1\">Respecter les doses conseill\u00e9es.<\/li>\n<li class=\"li1\">Ne peut se substituer \u00e0 une alimentation vari\u00e9e et \u00e9quilibr\u00e9e.<\/li>\n<li class=\"li1\">Tenir hors de la port\u00e9e des jeunes enfants.<\/li>\n<li class=\"li1\">Conserver dans un endroit frais.<\/li>\n<li class=\"li1\">Un l\u00e9ger trouble est possible. Agiter avant emploi.<\/li>\n<li>Vider la pipette apr\u00e8s utilisation.<\/li>\n<\/ul>\n","protected":false},"featured_media":1678,"comment_status":"closed","ping_status":"closed","template":"","meta":[],"product_brand":[],"product_cat":[26,32],"product_tag":[41],"class_list":{"0":"post-2263","1":"product","2":"type-product","3":"status-publish","4":"has-post-thumbnail","6":"product_cat-alcoolature","7":"product_cat-nouveaute","8":"product_tag-defenses-immunitaires","10":"first","11":"instock","12":"taxable","13":"shipping-taxable","14":"purchasable","15":"product-type-simple"},"jetpack_sharing_enabled":true,"_links":{"self":[{"href":"https:\/\/cueillettesetpotions.fr\/index.php\/wp-json\/wp\/v2\/product\/2263","targetHints":{"allow":["GET"]}}],"collection":[{"href":"https:\/\/cueillettesetpotions.fr\/index.php\/wp-json\/wp\/v2\/product"}],"about":[{"href":"https:\/\/cueillettesetpotions.fr\/index.php\/wp-json\/wp\/v2\/types\/product"}],"replies":[{"embeddable":true,"href":"https:\/\/cueillettesetpotions.fr\/index.php\/wp-json\/wp\/v2\/comments?post=2263"}],"wp:featuredmedia":[{"embeddable":true,"href":"https:\/\/cueillettesetpotions.fr\/index.php\/wp-json\/wp\/v2\/media\/1678"}],"wp:attachment":[{"href":"https:\/\/cueillettesetpotions.fr\/index.php\/wp-json\/wp\/v2\/media?parent=2263"}],"wp:term":[{"taxonomy":"product_brand","embeddable":true,"href":"https:\/\/cueillettesetpotions.fr\/index.php\/wp-json\/wp\/v2\/product_brand?post=2263"},{"taxonomy":"product_cat","embeddable":true,"href":"https:\/\/cueillettesetpotions.fr\/index.php\/wp-json\/wp\/v2\/product_cat?post=2263"},{"taxonomy":"product_tag","embeddable":true,"href":"https:\/\/cueillettesetpotions.fr\/index.php\/wp-json\/wp\/v2\/product_tag?post=2263"}],"curies":[{"name":"wp","href":"https:\/\/api.w.org\/{rel}","templated":true}]}}